3
What are the prime factors of 1413709?
11, 128519
What are the prime factors of 253351?
7, 17, 2129
What are the prime factors of 427207?
11, 71, 547
What are the prime factors of 414920?
2, 5, 11, 23, 41
What are the prime factors of 1526590?
2, 5, 13, 11743
What are the prime factors of 12158851?
31, 392221
What are the prime factors of 123430?
2, 5, 12343
List the prime factors of 626108.
2, 7, 59, 379
What are the prime factors of 33598285?
5, 7, 23, 41737
List the prime factors of 538405.
5, 7, 15383
List the prime factors of 1860839.
71, 26209
List the prime factors of 9745103.
9745103
List the prime factors of 361678.
2, 139, 1301
List the prime factors of 1003973.
23, 43651
List the prime factors of 13585888.
2, 424559
List the prime factors of 11497.
11497
List the prime factors of 362361.
3, 43, 53
List the prime factors of 1066140.
2, 3, 5, 5923
List the prime factors of 896630.
2, 5, 7, 12809
What are the prime factors of 10184818?
2, 7, 727487
What are the prime factors of 109427?
73, 1499
List the prime factors of 128049.
3, 42683
List the prime factors of 1241626.
2, 620813
List the prime factors of 2221176.
2, 3, 19, 4871
What are the prime factors of 2000258?
2, 13, 107, 719
What are the prime factors of 321473?
563, 571
What are the prime factors of 19707258?
2, 3, 31, 105953
What are the prime factors of 2054173?
11, 186743
List the prime factors of 9196370.
2, 5, 89, 10333
What are the prime factors of 1061068?
2, 31, 43, 199
List the prime factors of 1518695.
5, 17, 1051
What are the prime factors of 141132?
2, 3, 19, 619
List the prime factors of 1417531.
439, 3229
List the prime factors of 6827693.
17, 401629
List the prime factors of 84861.
3, 7, 449
What are the prime factors of 19423817?
7, 107, 25933
List the prime factors of 420237.
3, 53, 881
What are the prime factors of 29215521?
3, 19, 170851
List the prime factors of 5738147.
5738147
What are the prime factors of 1230630?
2, 3, 5, 17, 19, 127
What are the prime factors of 290426?
2, 145213
List the prime factors of 83581.
19, 53, 83
List the prime factors of 58997.
58997
List the prime factors of 1567684.
2, 391921
What are the prime factors of 1307897?
337, 3881
What are the prime factors of 1126947?
3, 17, 19, 1163
What are the prime factors of 28695517?
28695517
List the prime factors of 304808.
2, 7, 5443
List the prime factors of 1440675.
3, 5, 19, 337
What are the prime factors of 177889?
177889
List the prime factors of 2402732.
2, 461, 1303
List the prime factors of 2879085.
3, 5, 11, 17449
What are the prime factors of 10863508?
2, 397, 6841
List the prime factors of 1933202.
2, 251, 3851
What are the prime factors of 1952561?
13, 150197
What are the prime factors of 685349?
7, 19, 5153
List the prime factors of 1949343.
3, 11, 19, 3109
List the prime factors of 2071059.
3, 17, 40609
What are the prime factors of 2245793?
11, 204163
What are the prime factors of 2667787?
277, 9631
List the prime factors of 21116378.
2, 10558189
List the prime factors of 8156770.
2, 5, 17, 47981
What are the prime factors of 1357199?
379, 3581
List the prime factors of 23874.
2, 3, 23, 173
List the prime factors of 24104.
2, 23, 131
List the prime factors of 2277585.
3, 5, 16871
What are the prime factors of 1285740?
2, 3, 5, 2381
List the prime factors of 5270763.
3, 1756921
List the prime factors of 262515.
3, 5, 11, 37, 43
List the prime factors of 107470.
2, 5, 11, 977
What are the prime factors of 97266?
2, 3, 13, 29, 43
List the prime factors of 281684.
2, 13, 5417
What are the prime factors of 6412056?
2, 3, 7, 38167
What are the prime factors of 2956947?
3, 7, 139, 1013
What are the prime factors of 222446?
2, 7, 15889
What are the prime factors of 3324433?
7, 71, 6689
What are the prime factors of 13127666?
2, 6563833
List the prime factors of 879323.
47, 53, 353
What are the prime factors of 21516080?
2, 5, 449, 599
What are the prime factors of 132860?
2, 5, 7, 13, 73
List the prime factors of 5383873.
11, 263, 1861
List the prime factors of 2286191.
59, 38749
What are the prime factors of 262696?
2, 7, 4691
What are the prime factors of 1945092?
2, 3, 162091
What are the prime factors of 75518?
2, 61, 619
What are the prime factors of 21378703?
97, 220399
What are the prime factors of 14945659?
131, 114089
What are the prime factors of 11472092?
2, 2868023
List the prime factors of 3811748.
2, 952937
What are the prime factors of 2673887?
29, 92203
What are the prime factors of 492805?
5, 98561
List the prime factors of 220851.
3, 53, 463
List the prime factors of 35127.
3, 1301
What are the prime factors of 1548225?
3, 5, 7, 983
List the prime factors of 133361.
19, 7019
List the prime factors of 5469562.
2, 7, 37, 10559
What are the prime factors of 644671?
644671
What are the prime factors of 236410?
2, 5, 47, 503
What are the prime factors of 265292?
2, 29, 2287
List the prime factors of 830439.
3, 30757
What are the prime factors of 5723?
59, 97
What are the prime factors of 785296?
2, 49081
What are the prime factors of 28735?
5, 7, 821
List the prime factors of 1342269.
3, 17, 31, 283
List the prime factors of 3381628.
2, 107, 7901
What are the prime factors of 1052021?
37, 28433
What are the prime factors of 2520083?
31, 81293
List the prime factors of 211603.
7, 19, 37, 43
What are the prime factors of 11267?
19, 593
What are the prime factors of 461920?
2, 5, 2887
What are the prime factors of 1357036?
2, 101, 3359
List the prime factors of 253738.
2, 293, 433
What are the prime factors of 1164709?
7, 13, 12799
What are the prime factors of 5063017?
1531, 3307
What are the prime factors of 82634?
2, 79, 523
List the prime factors of 3561092.
2, 17, 52369
What are the prime factors of 8854330?
2, 5, 47, 18839
What are the prime factors of 1816309?
11, 163, 1013
List the prime factors of 11801911.
11, 1072901
What are the prime factors of 1131693?
3, 377231
What are the prime factors of 231220?
2, 5, 11, 1051
List the prime factors of 206548.
2, 51637
What are the prime factors of 1660469?
1660469
What are the prime factors of 3970246?
2, 7, 61, 4649
What are the prime factors of 307372?
2, 13, 23, 257
List the prime factors of 127790.
2, 5, 13, 983
List the prime factors of 76218.
2, 3, 12703
List the prime factors of 1688587.
19, 88873
What are the prime factors of 850097?
379, 2243
What are the prime factors of 162354?
2, 3, 27059
What are the prime factors of 12220962?
2, 3, 13, 156679
List the prime factors of 966294.
2, 3, 7, 7669
What are the prime factors of 2781209?
2781209
List the prime factors of 3152518.
2, 19, 23, 3607
What are the prime factors of 66140?
2, 5, 3307
What are the prime factors of 37259214?
2, 3, 283, 21943
What are the prime factors of 439300?
2, 5, 23, 191
What are the prime factors of 7058171?
23, 306877
List the prime factors of 104880.
2, 3, 5, 19, 23
What are the prime factors of 1131369?
3, 377123
What are the prime factors of 16644?
2, 3, 19, 73
List the prime factors of 32588.
2, 8147
What are the prime factors of 46769?
46769
List the prime factors of 4298291.
47, 91453
List the prime factors of 9746094.
2, 3, 1624349
List the prime factors of 22423155.
3, 5, 113, 13229
What are the prime factors of 17045?
5, 7, 487
List the prime factors of 2268439.
1433, 1583
What are the prime factors of 259955?
5, 51991
What are the prime factors of 253772?
2, 63443
What are the prime factors of 235014?
2, 3, 13, 23, 131
What are the prime factors of 1624817?
67, 24251
What are the prime factors of 28116896?
2, 149, 5897
List the prime factors of 77835.
3, 5, 5189
List the prime factors of 16036684.
2, 19, 79, 2671
What are the prime factors of 10028?
2, 23, 109
What are the prime factors of 8255459?
23, 29, 12377
List the prime factors of 362630.
2, 5, 36263
List the prime factors of 134074.
2, 43, 1559
What are the prime factors of 13247119?
13247119
List the prime factors of 51641.
113, 457
List the prime factors of 1194974.
2, 11, 29, 1873
What are the prime factors of 666687?
3, 7, 53, 599
What are the prime factors of 178056?
2, 3, 2473
What are the prime factors of 406599?
3, 135533
What are the prime factors of 148510?
2, 5, 14851
List the prime factors of 24042892.
2, 41, 146603
What are the prime factors of 